{"id":49,"date":"2012-12-01T20:35:55","date_gmt":"2012-12-01T20:35:55","guid":{"rendered":"http:\/\/ortkraus.eu\/?page_id=49"},"modified":"2022-09-22T19:35:26","modified_gmt":"2022-09-22T19:35:26","slug":"diskuze","status":"publish","type":"page","link":"https:\/\/www.ortkraus.eu\/?page_id=49","title":{"rendered":"v\u00fd\u010det dosavadn\u00ed praxe"},"content":{"rendered":"<p><em><strong>p\u0159ehled dosavadn\u00ed praxe:<\/strong><\/em><\/p>\n<table border=\"0\" width=\"672\" cellspacing=\"0\" cellpadding=\"0\">\n<tbody>\n<tr>\n<td colspan=\"3\" valign=\"bottom\" width=\"665\"><\/td>\n<\/tr>\n<tr>\n<td colspan=\"2\" valign=\"top\" width=\"663\"><strong>From -to\u00a0 \u00a009\/2021\u00a0 &#8211; present\u00a0 <\/strong>Position, Spec.:\u00a0 secondary doctor, ortopedics<br \/>\n<strong><em>Mlad\u00e1 Boleslav, Klinika Dr.P\u00edrka, Czech Republic<\/em><\/strong><\/p>\n<p><strong>From \u2013 to\u00a0 01\/2004 \u2013 31.8.2021 <\/strong>Position, Spec.:\u00a0 secondary doctor, ortopedics \u2013 traumatology<br \/>\nUnit, number of Beds:\u00a0 Ortopedics, Traumatology, 33 beds, 5 beds in intensive careFacility: <strong><em>Prague Hospital Na Frantisku, Czech Republic<\/em><\/strong><\/p>\n<p>Type of Patients: Complete orthopedics and traumatology \/except spine surgery\/. Joint\u00a0 replacement,\u00a0 complete arthroscopy of large joints and\u00a0 intraarticular reconstructions.<\/p>\n<p>Equip. Used: We operate in two modern, aseptic, operating theaters with laminar air flow, equipped with a portable X-ray amplifier, arthroscopic towers with shaver, vaporizer, arthroscopic pump and also video and photo recorder. We use modern implants and instrumentation of reputable manufacturers.<br \/>\nDuties &amp; Skills:\u00a0 Autonomous working at the department, admissions of patiens, preoperative examinations and planning, complete perioperative care including ICU. In outpatient care, we perform comprehensive examination of joints , tendons , muscles and the skeleton, preventive examinations of\u00a0 adults.\u00a0 We provide a wide range of orthopedic and traumatology surgical procedures. Of these, the most common arthroscopic procedures on knee joint \u2013 treatment of meniscal injuries ( meniscectomy or suture ), cruciate ligament repair and cartilage defects repair ( mosaic plastics, Chondrotissue ). We also do shoulder arthroscopy ( subacromial decompression, joint stabilisations, rotator cuff repair),\u00a0 arthroscopy of ankle and elbow. Another focus of our department is endoprosthetics (cemented or cementless replacement of hip and knee joints, including revision surgery ). We provide extensive operative treatment of\u00a0 limb injuries (hip and long bone fractures, intra-articular reconstructions, ORIF using stable implants \u2013 plates, intramedullar nailing) and treatment of traumatic musculoskeletal conditions.<\/p>\n<p>&#8212;&#8212;&#8212;&#8212;&#8212;&#8212;&#8212;&#8212;&#8212;&#8212;&#8212;&#8212;&#8212;&#8212;&#8212;&#8212;&#8212;&#8212;&#8212;&#8212;&#8212;&#8212;&#8212;&#8212;&#8212;&#8212;&#8212;&#8212;&#8212;<\/td>\n<\/tr>\n<tr>\n<td colspan=\"3\" valign=\"top\" width=\"665\">\n<p align=\"center\"><strong>\u00a0<\/strong><\/p>\n<\/td>\n<\/tr>\n<tr>\n<td colspan=\"2\" valign=\"top\" width=\"663\"><strong>From \u2013 to 05\/2005 \u2013 present<\/strong>Position, Spec.: ortopedic supervisorUnit, number of Beds: 5 pavilions, 155 beds<\/p>\n<p>Facility: <strong><em>Rehabilitation centre, physiotherapy institute \u2013 Slapy , Czech Republic<\/em><\/strong><\/p>\n<p>Type of Patients: Treatment in a rehabilitation institute is focused on patients with impaired central nervous system and\u00a0 motor system. Conditions after serious operations ( brain , spine , joints , bones , etc.), multiple trauma (including head injuries), conditions after joint replacements and other orthopedic diseases, severe neurological disease, rheumatic diseases, conditions after severe internal diseases.<br \/>\nDuties &amp; Skills\u00a0 Conducting treatment suitable for convalescence and recovery, which also includes\u00a0 permanent emergency service at a department.<\/p>\n<p>&#8212;&#8212;&#8212;&#8212;&#8212;&#8212;&#8212;&#8212;&#8212;&#8212;&#8212;&#8212;&#8212;&#8212;&#8212;&#8212;&#8212;&#8212;&#8212;&#8212;&#8212;&#8212;&#8212;&#8212;&#8212;&#8212;&#8212;&#8212;&#8212;-<\/td>\n<\/tr>\n<tr>\n<td colspan=\"3\" valign=\"top\" width=\"665\">\n<p align=\"center\"><strong>\u00a0<\/strong><\/p>\n<\/td>\n<\/tr>\n<tr>\n<td colspan=\"2\" valign=\"top\" width=\"663\"><strong>From \u2013 to 01\/ 2011 \u2013 06\/2013<\/strong><strong> \u00a0<\/strong>Position, Spec. secondary doctorUnit, number of\u00a0 beds:\u00a0 One day surgery, 200 patients per month<\/p>\n<p>Facility: <strong><em>Hospital Beroun \u2013 Arthroscopy center, Czech Republic<\/em><\/strong><\/p>\n<p>Type of Patients: Arthroscopy center provides a complete range of arthroscopic interventions. Procedures such as intraarticular soft tissue\u00a0 reconstructions in a knee joint \u2013 meniscal suture , transplantation of cartilage, ligaments repair, stabilizing operations of shoulder dislocations.<\/p>\n<p>Equip. Used: dtto<\/p>\n<p>Duties &amp; Skills: Outpatient surgery (90 % of patiens\u00a0 undergo procedures in general anesthesia. These are admited at\u00a0 day of surgery and dismissed 4-6 hours later,\u00a0 10 % of patients whoa are given spinal anesthesia are usually dismissed the next day)<br \/>\nKnee arthroscopy with meniscal injury treatment \/ menisectomy , meniscal suture, debridement of degenerative changes, microfractures of cartilage defects, repair per Chondrotissue, diagnostic arthroscopy of knee cartilage defects, treatment per mosaic plastic, reconstruction of LCA and LCP ruptures, synovectomy , operations supporting apparatus of the patella.<\/p>\n<p>Arthroscopy of shoulder joint -diagnostics, SA decompression , stabilization, treatment of recurrent dislocation, SLAP , suture of rotator cuff , treatment of AC dislocations.<\/p>\n<p>ASC of other joints \u2013\u00a0 elbow , ankle , hip and wrist<\/p>\n<p>&#8212;&#8212;&#8212;&#8212;&#8212;&#8212;&#8212;&#8212;&#8212;&#8212;&#8212;&#8212;&#8212;&#8212;&#8212;&#8212;&#8212;&#8212;&#8212;&#8212;&#8212;&#8212;&#8212;&#8212;&#8212;&#8212;&#8212;&#8212;&#8212;-<\/p>\n<p><strong>\u00a0<\/strong><\/td>\n<\/tr>\n<tr>\n<td colspan=\"3\" valign=\"top\" width=\"665\">\n<p align=\"center\"><strong>\u00a0<\/strong><\/p>\n<\/td>\n<\/tr>\n<tr>\n<td colspan=\"2\" valign=\"top\" width=\"663\"><strong>From \u2013 to 07\/2002 \u2013 01\/2004<\/strong>Position, Spec. secondary doctorUnit, number of beds Ortopedics, Traumatology, 180 beds<br \/>\nFacility: <strong><em>Hospital Na Bulovce, Clinic of Orthopedics and Traumatology IPVZ, Prague, Czech Republic<\/em><\/strong><\/p>\n<p>Type of Patients: This hospital has one of the largest orthopedic clinics in the Czech Republic. The clinic is\u00a0 focused on medical and preventive care within the full extent of\u00a0 orthopedics\u00a0 i.e. children\u2019s orthopedics, spondylosurgery, alloplastics ,sport traumatology, oncology orthopedics, general orthopedics, septic orthopedics, prosthetics and musculosceletal trauma.<br \/>\nEquip. Used: dtto<\/p>\n<p>Duties &amp; Skills: In outpatient care, detailed examination of joints , tendons , muscles and the skeleton, preventive examination of both, adults and children, including ultrasound examination of the hip and shoulder joint. This orthopedic department is\u00a0 focused on both the conservative and operating treatment of particular diseases and certain musculoskeletal injuries.<\/p>\n<p>&#8212;&#8212;&#8212;&#8212;&#8212;&#8212;&#8212;&#8212;&#8212;&#8212;&#8212;&#8212;&#8212;&#8212;&#8212;&#8212;&#8212;&#8212;&#8212;&#8212;&#8212;&#8212;&#8212;&#8212;&#8212;&#8212;&#8212;&#8212;&#8212;&#8212;&#8212;&#8211;<\/td>\n<\/tr>\n<tr>\n<td colspan=\"3\" valign=\"top\" width=\"665\">\n<p align=\"center\"><strong>\u00a0<\/strong><\/p>\n<\/td>\n<\/tr>\n<tr>\n<td valign=\"top\" width=\"657\">\n<p align=\"center\"><strong>\u00a0<\/strong><\/p>\n<p><strong>From \u2013 to 03\/2004 \u2013 05\/2005<\/strong><\/p>\n<p>Position, Spec. Doctor in emergency rescue<\/p>\n<p>Facility: <strong><em>Medical Emergency service of first aid in Nymburk, Czech Republic<\/em><\/strong><\/p>\n<p>Type of Patients: Medical and first aid, first aid\u00a0 for citizens together with organizing\u00a0 emergency medical services in cases of sudden health impairment , worsening of the chronic diseases<\/p>\n<p>Equip. Used:\u00a0 Defibrillator with ECG monitoring, self-contained breathing apparatus for artificial lung ventilation, manual breathing apparatus, pulse oxymeter, capnometer,\u00a0 tonometer, cardiopump, . In particular, the techniques are subject to specific requirements.<br \/>\nDuties &amp; Skills: Providing emergency medical care such as resuscitation, treatment of life threatening bleeding, trauma, acute heart failure, severe asthma\u00a0 etc. Parenteral administration of drugs, medical gases, monitoring life functions\u00a0 Stabilizing the patient. Transport to\u00a0 specialized hospital departments.<\/p>\n<p>&#8212;&#8212;&#8212;&#8212;&#8212;&#8212;&#8212;&#8212;&#8212;&#8212;&#8212;&#8212;&#8212;&#8212;&#8212;&#8212;&#8212;&#8212;&#8212;&#8212;&#8212;&#8212;&#8212;&#8212;&#8212;&#8212;&#8212;&#8212;&#8212;&#8212;&#8212;-<\/p>\n<p><strong>From \u2013 to 06\/ 2013 \u2013 12\/2014<\/strong><\/p>\n<p>Position, Spec. secondary doctor<\/p>\n<p>Unit, number of\u00a0 beds:\u00a0 One day surgery<\/p>\n<p>Facility:\u00a0<strong><em>Hospital \u0158\u00ed\u010dany \u2013 Arthroscopy center &#8211; One day surgery departement, Czech Republic<\/em><\/strong><\/p>\n<p>Type of Patients: Arthroscopy center provides a complete range of arthroscopic interventions. Procedures such as intraarticular soft tissue\u00a0 reconstructions in a knee joint \u2013 meniscal suture , transplantation of cartilage, ligaments repair, stabilizing operations of shoulder dislocations.<\/p>\n<p>Equip. Used: dtto<\/p>\n<p>Duties &amp; Skills: Outpatient surgery (90 % of patiens\u00a0 undergo procedures in general anesthesia. These are admited at\u00a0 day of surgery and dismissed 4-6 hours later,\u00a0 10 % of patients who are given the spinal anesthesia are usually dismissed the next day)<br \/>\nKnee arthroscopy with meniscal injury treatment \/ menisectomy , meniscal suture, debridement of degenerative changes, microfractures of cartilage defects, repair per Chondrotissue, diagnostic arthroscopy of knee cartilage defects, treatment per mosaic plastic, reconstruction of LCA and LCP ruptures, synovectomy , operations supporting apparatus of the patella.<\/p>\n<p>Arthroscopy of shoulder joint -diagnostics, SA decompression , stabilization, treatment of recurrent dislocation, SLAP , suture of rotator cuff , treatment of AC dislocations.<\/p>\n<p>ASC of other joints \u2013\u00a0 elbow , ankle , hip and wrist<\/td>\n<td colspan=\"2\" width=\"7\"><\/td>\n<\/tr>\n<\/tbody>\n<\/table>\n","protected":false},"excerpt":{"rendered":"<p>p\u0159ehled dosavadn\u00ed praxe: From -to\u00a0 \u00a009\/2021\u00a0 &#8211; present\u00a0 Position, Spec.:\u00a0 secondary doctor, ortopedics Mlad\u00e1 Boleslav, Klinika Dr.P\u00edrka, Czech Republic From \u2013 to\u00a0 01\/2004 \u2013 31.8.2021 Position, Spec.:\u00a0 secondary doctor, ortopedics \u2013 traumatology Unit, number of Beds:\u00a0 Ortopedics, Traumatology, 33 beds, 5 beds in intensive careFacility: Prague Hospital Na Frantisku, Czech Republic Type of Patients: Complete [&hellip;]<\/p>\n","protected":false},"author":1,"featured_media":0,"parent":0,"menu_order":0,"comment_status":"closed","ping_status":"open","template":"","meta":{"footnotes":""},"class_list":["post-49","page","type-page","status-publish","hentry"],"_links":{"self":[{"href":"https:\/\/www.ortkraus.eu\/index.php?rest_route=\/wp\/v2\/pages\/49","targetHints":{"allow":["GET"]}}],"collection":[{"href":"https:\/\/www.ortkraus.eu\/index.php?rest_route=\/wp\/v2\/pages"}],"about":[{"href":"https:\/\/www.ortkraus.eu\/index.php?rest_route=\/wp\/v2\/types\/page"}],"author":[{"embeddable":true,"href":"https:\/\/www.ortkraus.eu\/index.php?rest_route=\/wp\/v2\/users\/1"}],"replies":[{"embeddable":true,"href":"https:\/\/www.ortkraus.eu\/index.php?rest_route=%2Fwp%2Fv2%2Fcomments&post=49"}],"version-history":[{"count":17,"href":"https:\/\/www.ortkraus.eu\/index.php?rest_route=\/wp\/v2\/pages\/49\/revisions"}],"predecessor-version":[{"id":686,"href":"https:\/\/www.ortkraus.eu\/index.php?rest_route=\/wp\/v2\/pages\/49\/revisions\/686"}],"wp:attachment":[{"href":"https:\/\/www.ortkraus.eu\/index.php?rest_route=%2Fwp%2Fv2%2Fmedia&parent=49"}],"curies":[{"name":"wp","href":"https:\/\/api.w.org\/{rel}","templated":true}]}}